{"id":14,"date":"2012-03-04T15:41:40","date_gmt":"2012-03-04T14:41:40","guid":{"rendered":"http:\/\/tresorraum.org\/?page_id=14"},"modified":"2014-09-16T11:17:59","modified_gmt":"2014-09-16T10:17:59","slug":"cave-art","status":"publish","type":"page","link":"https:\/\/tresorraum.org\/?page_id=14","title":{"rendered":"^v^"},"content":{"rendered":"<p style=\"text-align: right;\"><em style=\"mso-bidi-font-style: normal;\"><span style=\"font-size: 22.0pt; mso-bidi-font-size: 10.0pt; font-family: 'Bank Gothic'; color: #595959;\">DIGITAL CAVE ART<\/span><\/em><\/p>\n<p>\u00a0<em style=\"mso-bidi-font-style: normal;\"><span style=\"font-size: 14.0pt; mso-bidi-font-size: 10.0pt; font-family: 'Bank Gothic'; color: #595959;\">credo<\/span><\/em><\/p>\n<p style=\"text-align: justify; margin: .1pt 0cm .1pt 0cm;\"><span style=\"font-size: 14.0pt; mso-bidi-font-size: 10.0pt; font-family: 'Bank Gothic';\">-Concept, rencontres, volont\u00e9s conjointes de<span style=\"font-size: 14.0pt; mso-bidi-font-size: 10.0pt; font-family: 'Bank Gothic';\"><span style=\"font-size: 14.0pt; mso-bidi-font-size: 10.0pt; font-family: 'Bank Gothic';\">\u00a0<\/span><\/span>consacrer l\u2019indivis or des lieux communs, affirmer le comit\u00e9 restreint, oser le\u00a0contraste de l\u2019art pour l\u2019art rendu accessible\u2026<\/span><\/p>\n<p style=\"text-align: justify; margin: .1pt 0cm .1pt 0cm;\"><span style=\"font-size: 14.0pt; mso-bidi-font-size: 10.0pt; font-family: 'Bank Gothic';\">-Aux curieux ?<\/span><\/p>\n<p style=\"text-align: justify; margin: .1pt 0cm .1pt 0cm;\"><span style=\"font-size: 14.0pt; mso-bidi-font-size: 10.0pt; font-family: 'Bank Gothic';\">-Potentiellement \u00e0<span style=\"font-size: 14.0pt; mso-bidi-font-size: 10.0pt; font-family: 'Bank Gothic';\"><span style=\"font-size: 14.0pt; mso-bidi-font-size: 10.0pt; font-family: 'Bank Gothic';\">\u00a0<\/span><\/span>tous donc ! Un peu tout cela, non ? -Comment peut-on aujourd\u2019hui s\u2019\u00e9vertuer \u00e0\u00a0auto-produire une r\u00e9sidence de cr\u00e9ation artistique dans une chambre forte, ou<span style=\"font-size: 14.0pt; mso-bidi-font-size: 10.0pt; font-family: 'Bank Gothic';\"><span style=\"font-size: 14.0pt; mso-bidi-font-size: 10.0pt; font-family: 'Bank Gothic';\">\u00a0<\/span><\/span>dans une grotte, ou dans l&rsquo;in\u00e9puisable ressource du Digital Art in Land-escape\u2026 -Avec quelles alt\u00e9rit\u00e9s, des alli\u00e9s ?<\/span><\/p>\n<p style=\"text-align: justify; margin: .1pt 0cm .1pt 0cm;\"><span style=\"font-size: 14.0pt; mso-bidi-font-size: 10.0pt; font-family: 'Bank Gothic';\">-Surement, il en\u00a0faut, \u2026 de l\u2019alt\u00e9rit\u00e9, pour ne pas sombrer dans la platitude d\u2019un accord annonc\u00e9 parfait.<\/span><\/p>\n<p style=\"text-align: justify; margin: .1pt 0cm .1pt 0cm;\"><span style=\"font-size: 14.0pt; mso-bidi-font-size: 10.0pt; font-family: 'Bank Gothic';\">-Vers quelles destinations ?<\/span><\/p>\n<p style=\"text-align: justify; margin: .1pt 0cm .1pt 0cm;\"><span style=\"font-size: 14.0pt; mso-bidi-font-size: 10.0pt; font-family: 'Bank Gothic';\">-Emprunterions-nous ce sentier, si\u00a0l\u2019illusion nous poss\u00e9dait ?<\/span><\/p>\n<p style=\"text-align: right; margin: 0.1pt 0cm 0.1pt 0cm;\"><em style=\"mso-bidi-font-style: normal;\"><span style=\"font-size: 14.0pt; mso-bidi-font-size: 10.0pt; font-family: 'Bank Gothic'; color: #595959;\">In Fact<\/span><\/em><\/p>\n<p class=\"MsoNormal\" style=\"mso-para-margin-top: .01gd; mso-para-margin-right: 0cm; mso-para-margin-bottom: .01gd; mso-para-margin-left: 0cm; text-align: justify; mso-outline-level: 1; margin: .1pt 0cm .1pt 0cm;\"><strong style=\"mso-bidi-font-weight: normal;\"><span style=\"font-size: 11.0pt; mso-bidi-font-size: 10.0pt; font-family: Herculanum; color: #7f7f7f; mso-font-kerning: 18.0pt; mso-fareast-language: FR;\">Digital CAve art<\/span><\/strong><\/p>\n<p class=\"MsoNormal\" style=\"mso-para-margin-top: .01gd; mso-para-margin-right: 0cm; mso-para-margin-bottom: .01gd; mso-para-margin-left: 0cm; text-align: justify; mso-outline-level: 1; margin: .1pt 0cm .1pt 0cm;\"><strong style=\"mso-bidi-font-weight: normal;\"><span style=\"font-size: 11.0pt; mso-bidi-font-size: 10.0pt; font-family: Herculanum; color: #7f7f7f; mso-font-kerning: 18.0pt; mso-fareast-language: FR;\">\u00a0= <\/span><\/strong><\/p>\n<p class=\"MsoNormal\" style=\"mso-para-margin-top: .01gd; mso-para-margin-right: 0cm; mso-para-margin-bottom: .01gd; mso-para-margin-left: 0cm; text-align: justify; margin: .1pt 0cm .1pt 0cm;\"><strong style=\"mso-bidi-font-weight: normal;\"><span style=\"font-size: 11.0pt; mso-bidi-font-size: 10.0pt; font-family: Herculanum; mso-bidi-font-family: 'Times New Roman'; color: #595959; mso-fareast-language: FR;\">Espace <\/span><\/strong><span style=\"font-size: 11.0pt; mso-bidi-font-size: 10.0pt; font-family: Herculanum; mso-bidi-font-family: 'Times New Roman'; color: #7f7f7f; mso-fareast-language: FR;\">=<span style=\"mso-spacerun: yes;\">\u00a0 <\/span>aire<span style=\"font-family: 'Helvetica Neue', Helvetica, Arial, sans-serif;\">\u00a0<\/span>d&rsquo;action artistique du type Digital Art<\/span><\/p>\n<p class=\"MsoNormal\" style=\"mso-para-margin-top: .01gd; mso-para-margin-right: 0cm; mso-para-margin-bottom: .01gd; mso-para-margin-left: 0cm; text-align: justify; margin: .1pt 0cm .1pt 0cm;\"><span style=\"font-size: 11.0pt; mso-bidi-font-size: 10.0pt; font-family: Herculanum; mso-bidi-font-family: 'Times New Roman'; color: #7f7f7f; mso-fareast-language: FR;\">non conventionnel = Cryptes, Bunkers,<span style=\"font-size: 11.0pt; mso-bidi-font-size: 10.0pt; font-family: Herculanum; mso-bidi-font-family: 'Times New Roman'; color: #7f7f7f; mso-fareast-language: FR;\"><span style=\"font-size: 11.0pt; mso-bidi-font-size: 10.0pt; font-family: Herculanum; mso-bidi-font-family: 'Times New Roman'; color: #7f7f7f; mso-fareast-language: FR;\">\u00a0<\/span><\/span>Tunnels, Grottes, coffres forts, souterrains, mines, caves, friches, voutes,\u00a0etcetera&#8230; espaces non conventionnels dites vous ?<\/span><\/p>\n<p class=\"MsoNormal\" style=\"mso-para-margin-top: .01gd; mso-para-margin-right: 0cm; mso-para-margin-bottom: .01gd; mso-para-margin-left: 0cm; text-align: justify; margin: .1pt 0cm .1pt 0cm;\"><span style=\"font-size: 11.0pt; mso-bidi-font-size: 10.0pt; font-family: Herculanum; mso-bidi-font-family: 'Times New Roman'; color: #7f7f7f; mso-fareast-language: FR;\">Labellis\u00e9 = adopt\u00e9 par\u00a0<\/span><span style=\"font-size: 11.0pt; mso-bidi-font-size: 10.0pt; font-family: Herculanum; mso-fareast-font-family: '\\#\\AD81\\C11C\\CCB4'; mso-bidi-font-family: '\\#\\AD81\\C11C\\CCB4'; color: #7f7f7f; mso-fareast-language: FR;\">^v^<\/span><span style=\"font-size: 11.0pt; mso-bidi-font-size: 10.0pt; font-family: Herculanum; mso-bidi-font-family: 'Times New Roman'; color: #7f7f7f; mso-fareast-language: FR;\"><span style=\"mso-spacerun: yes;\">\u00a0<\/span>le temps d&rsquo;une exp\u00e9rimentation artistique<\/span><\/p>\n<p class=\"MsoNormal\" style=\"mso-para-margin-top: .01gd; mso-para-margin-right: 0cm; mso-para-margin-bottom: .01gd; mso-para-margin-left: 0cm; text-align: justify; margin: .1pt 0cm .1pt 0cm;\"><span style=\"font-size: 11.0pt; mso-bidi-font-size: 10.0pt; font-family: Herculanum; mso-bidi-font-family: 'Times New Roman'; color: #7f7f7f; mso-fareast-language: FR;\">Digital Cave Art = art num\u00e9rique qui prend le temps de maturer \u00ab\u00a0in cave\u00a0\u00bb<\/span><\/p>\n<p class=\"MsoNormal\" style=\"mso-para-margin-top: .01gd; mso-para-margin-right: 0cm; mso-para-margin-bottom: .01gd; mso-para-margin-left: 0cm; text-align: center; margin: .1pt 0cm .1pt 0cm;\" align=\"center\"><span style=\"font-size: 11.0pt; mso-bidi-font-size: 10.0pt; font-family: 'Eccentric Std'; mso-bidi-font-family: 'Times New Roman'; color: #7f7f7f; mso-fareast-language: FR;\">Digital<span style=\"font-size: 11.0pt; mso-bidi-font-size: 10.0pt; font-family: 'Eccentric Std'; mso-bidi-font-family: 'Times New Roman'; color: #7f7f7f; mso-fareast-language: FR;\"><span style=\"font-size: 11.0pt; mso-bidi-font-size: 10.0pt; font-family: 'Eccentric Std'; mso-bidi-font-family: 'Times New Roman'; color: #7f7f7f; mso-fareast-language: FR;\">\u00a0<\/span><\/span>cavet art = Espace non<\/span><span style=\"mso-bidi-font-size: 10.0pt; font-family: 'Eccentric Std'; mso-bidi-font-family: 'Times New Roman'; color: #7f7f7f; mso-fareast-language: FR;\"> conventionnel labellis\u00e9 Digital Cave Art conventional\u00a0space = dca<\/span><\/p>\n<p class=\"MsoNormal\" style=\"mso-para-margin-top: .01gd; mso-para-margin-right: 0cm; mso-para-margin-bottom: .01gd; mso-para-margin-left: 0cm; text-align: center; margin: .1pt 0cm .1pt 0cm;\" align=\"center\">\n<p style=\"text-align: center;\">This work is licensed under a<br \/>\n<a href=\"http:\/\/creativecommons.org\/licenses\/by-nc-nd\/4.0\/\" rel=\"license\"><img decoding=\"async\" style=\"border-width: 0;\" src=\"https:\/\/i.creativecommons.org\/l\/by-nc-nd\/4.0\/88x31.png\" alt=\"Creative Commons License\" \/><\/a><a style=\"text-align: center;\"><br \/>\n<\/a><a href=\"http:\/\/creativecommons.org\/licenses\/by-nc-nd\/4.0\/\" rel=\"license\">Creative Commons Attribution-NonCommercial-NoDerivatives 4.0 International License<\/a><a style=\"text-align: center;\">.<\/a><\/p>\n","protected":false},"excerpt":{"rendered":"<p>DIGITAL CAVE ART \u00a0credo -Concept, rencontres, volont\u00e9s conjointes de\u00a0consacrer l\u2019indivis or des lieux communs, affirmer le comit\u00e9 restreint, oser le\u00a0contraste de l\u2019art pour l\u2019art rendu accessible\u2026 -Aux curieux ? -Potentiellement \u00e0\u00a0tous donc ! Un peu tout cela, non ? -Comment &hellip; <a href=\"https:\/\/tresorraum.org\/?page_id=14\">Continuer la lecture <span class=\"meta-nav\">&rarr;<\/span><\/a><\/p>\n","protected":false},"author":1,"featured_media":936,"parent":0,"menu_order":5,"comment_status":"closed","ping_status":"closed","template":"","meta":{"footnotes":""},"class_list":["post-14","page","type-page","status-publish","has-post-thumbnail","hentry"],"_links":{"self":[{"href":"https:\/\/tresorraum.org\/index.php?rest_route=\/wp\/v2\/pages\/14","targetHints":{"allow":["GET"]}}],"collection":[{"href":"https:\/\/tresorraum.org\/index.php?rest_route=\/wp\/v2\/pages"}],"about":[{"href":"https:\/\/tresorraum.org\/index.php?rest_route=\/wp\/v2\/types\/page"}],"author":[{"embeddable":true,"href":"https:\/\/tresorraum.org\/index.php?rest_route=\/wp\/v2\/users\/1"}],"replies":[{"embeddable":true,"href":"https:\/\/tresorraum.org\/index.php?rest_route=%2Fwp%2Fv2%2Fcomments&post=14"}],"version-history":[{"count":88,"href":"https:\/\/tresorraum.org\/index.php?rest_route=\/wp\/v2\/pages\/14\/revisions"}],"predecessor-version":[{"id":1075,"href":"https:\/\/tresorraum.org\/index.php?rest_route=\/wp\/v2\/pages\/14\/revisions\/1075"}],"wp:featuredmedia":[{"embeddable":true,"href":"https:\/\/tresorraum.org\/index.php?rest_route=\/wp\/v2\/media\/936"}],"wp:attachment":[{"href":"https:\/\/tresorraum.org\/index.php?rest_route=%2Fwp%2Fv2%2Fmedia&parent=14"}],"curies":[{"name":"wp","href":"https:\/\/api.w.org\/{rel}","templated":true}]}}